nder when 163 is divided by 24.
19
What is the remainder when 2034 is divided by 1014?
6
Calculate the remainder when 1418 is divided by 470.
8
Calculate the remainder when 245 is divided by 99.
47
Calculate the remainder when 746 is divided by 318.
110
Calculate the remainder when 250 is divided by 119.
12
Calculate the remainder when 200 is divided by 41.
36
What is the remainder when 174 is divided by 44?
42
Calculate the remainder when 323 is divided by 65.
63
Calculate the remainder when 853 is divided by 19.
17
What is the remainder when 599 is divided by 153?
140
Calculate the remainder when 492 is divided by 26.
24
Calculate the remainder when 229 is divided by 11.
9
What is the remainder when 527 is divided by 48?
47
Calculate the remainder when 10734 is divided by 88.
86
What is the remainder when 290 is divided by 79?
53
Calculate the remainder when 339 is divided by 68.
67
Calculate the remainder when 707 is divided by 28.
7
What is the remainder when 994 is divided by 5?
4
Calculate the remainder when 666 is divided by 155.
46
Calculate the remainder when 1323 is divided by 434.
21
Calculate the remainder when 418 is divided by 62.
46
What is the remainder when 29 is divided by 21?
8
Calculate the remainder when 482 is divided by 145.
47
Calculate the remainder when 2636 is divided by 15.
11
What is the remainder when 308 is divided by 82?
62
Calculate the remainder when 596 is divided by 335.
261
Calculate the remainder when 60 is divided by 39.
21
What is the remainder when 367 is divided by 126?
115
What is the remainder when 31 is divided by 2?
1
Calculate the remainder when 49 is divided by 36.
13
What is the remainder when 308 is divided by 79?
71
Calculate the remainder when 4666 is divided by 12.
10
Calculate the remainder when 5140 is divided by 6.
4
Calculate the remainder when 73 is divided by 41.
32
Calculate the remainder when 245 is divided by 87.
71
What is the remainder when 127 is divided by 3?
1
Calculate the remainder when 1211 is divided by 81.
77
What is the remainder when 644 is divided by 17?
15
What is the remainder when 295 is divided by 44?
31
Calculate the remainder when 30 is divided by 4.
2
Calculate the remainder when 845 is divided by 66.
53
Calculate the remainder when 2966 is divided by 110.
106
What is the remainder when 3559 is divided by 13?
10
Calculate the remainder when 96 is divided by 35.
26
Calculate the remainder when 3408 is divided by 49.
27
What is the remainder when 130 is divided by 94?
36
What is the remainder when 140 is divided by 66?
8
Calculate the remainder when 1053 is divided by 133.
122
Calculate the remainder when 508 is divided by 15.
13
What is the remainder when 455 is divided by 9?
5
What is the remainder when 108 is divided by 16?
12
Calculate the remainder when 2186 is divided by 98.
30
What is the remainder when 643 is divided by 217?
209
What is the remainder when 142 is divided by 59?
24
Calculate the remainder when 107 is divided by 22.
19
Calculate the remainder when 523 is divided by 53.
46
What is the remainder when 206 is divided by 36?
26
Calculate the remainder when 243 is divided by 44.
23
What is the remainder when 22 is divided by 11?
0
What is the remainder when 859 is divided by 86?
85
What is the remainder when 202 is divided by 181?
21
What is the remainder when 28377 is divided by 258?
255
What is the remainder when 922 is divided by 6?
4
What is the remainder when 10476 is divided by 2094?
6
What is the remainder when 1779 is divided by 54?
51
Calculate the remainder when 6539 is divided by 85.
79
Calculate the remainder when 1037 is divided by 10.
7
What is the remainder when 2176 is divided by 11?
9
What is the remainder when 138 is divided by 73?
65
Calculate the remainder when 462 is divided by 31.
28
Calculate the remainder when 261 is divided by 8.
5
What is the remainder when 1390 is divided by 233?
225
What is the remainder when 1050 is divided by 33?
27
What is the remainder when 67 is divided by 13?
2
What is the remainder when 1638 is divided by 5?
3
Calculate the remainder when 378 is divided by 102.
72
What is the remainder when 105 is divided by 18?
15
Calculate the remainder when 102 is divided by 26.
24
Calculate the remainder when 4300 is divided by 253.
252
What is the remainder when 240 is divided by 113?
14
Calculate the remainder when 515 is divided by 43.
42
What is the remainder when 35 is divided by 19?
16
Calculate the remainder when 1303 is divided by 188.
175
Calculate the remainder when 1962 is divided by 327.
0
What is the remainder when 123 is divided by 63?
60
Calculate the remainder when 2247 is divided by 125.
122
Calculate the remainder when 25 is divided by 13.
12
What is the remainder when 19499 is divided by 260?
259
What is the remainder when 1220 is divided by 9?
5
Calculate the remainder when 88 is divided by 71.
17
What is the remainder when 499 is divided by 126?
121
What is the remainder when 3601 is divided by 34?
31
Calculate the remainder when 329 is divided by 89.
62
Calculate the remainder when 7506 is divided by 51.
9
Calculate the remainder when 102 is divided by 50.
2
What is the remainder when 226 is divided by 173?
53
Calculate the remainder when 638 is divided by 64.
62
Calculate the remainder when 64 is divided by 30.
4
What is the remainder when 67148 is divided by 158?
156
What is the remainder when 3001 is divided by 215?
206
What is the remainder when 24068 is divided by 213?
212
What is the remainder when 576 is divided by 166?
78
Calculate the remainder when 11598 is divided by 3862.
12
Calculate the remainder when 1512 is divided by 101.
98
Calculate the remainder when 125 is divided by 16.
13
What is the remainder when 1658 is divided by 35?
13
Calculate the remainder when 3052 is divided by 1015.
7
What is the remainder when 113 is divided by 13?
9
Calculate the remainder when 5773 is divided by 165.
163
Calculate the remainder when 24 is divided by 4.
0
Calculate the remainder when 844 is divided by 47.
45
Calculate the remainder when 22 is divided by 8.
6
What is the remainder when 95 is divided by 24?
23
What is the remainder when 318 is divided by 64?
62
What is the remainder when 90 is divided by 50?
40
What is the remainder when 540 is divided by 131?
16
Calculate the remainder when 894 is divided by 46.
20
Calculate the remainder when 109 is divided by 39.
31
Calculate the remainder when 5720 is divided by 83.
76
What is the remainder when 165 is divided by 24?
21
Calculate the remainder when 163 is divided by 43.
34
Calculate the remainder when 851 is divided by 95.
91
Calculate the remainder when 1668 is divided by 50.
18
What is the remainder when 6 is divided by 4?
2
What is the remainder when 592 is divided by 13?
7
Calculate the remainder when 1407 is divided by 243.
192
What is the remainder when 81 is divided by 21?
18
Calculate the remainder when 1341 is divided by 37.
9
Calculate the remainder when 748 is divided by 8.
4
Calculate the remainder when 49 is divided by 32.
17
Calculate the remainder when 419 is divided by 134.
17
What is the remainder when 169 is divided by 92?
77
What is the remainder when 214 is divided by 72?
70
Calculate the remainder when 4680 is divided by 31.
30
Calculate the remainder when 2011 is divided by 106.
103
Calculate the remainder when 372 is divided by 77.
64
What is the remainder when 74 is divided by 44?
30
Calculate the remainder when 178 is divided by 26.
22
Calculate the remainder when 35 is divided by 25.
10
What is the remainder when 59085 is divided by 367?
365
Calculate the remainder when 134 is divided by 60.
14
What is the remainder when 2285 is divided by 285?
5
Calculate the remainder when 834 is divided by 38.
36
Calculate the remainder when 703 is divided by 11.
10
What is the remainder when 627 is divided by 126?
123
What is the remainder when 199 is divided by 170?
29
Calculate the remainder when 3972 is divided by 662.
0
What is the remainder when 566 is divided by 115?
106
What is the remainder when 319 is divided by 313?
6
What is the remainder when 853 is divided by 99?
61
What is the remainder when 184 is divided by 18?
4
What is the remainder when 108 is divided by 11?
9
Calculate the remainder when 183 is div